 is -3344 + -4303103?
-4312002
In base 6, what is -114104 - -1534120?
1420012
In base 8, what is 2 + 7643373?
7643375
In base 15, what is 1c0c9ba - 1?
1c0c9b9
In base 4, what is 2 + -13212123303?
-13212123301
In base 7, what is -35052340 + 1?
-35052336
In base 5, what is -133202 - -42404?
-40243
In base 16, what is -36ed - -19c?
-3551
In base 7, what is -234 + -1134642?
-1135206
In base 9, what is 118654334 + 4?
118654338
In base 11, what is -54584 - -70?
-54514
In base 6, what is 21354241420 + 4?
21354241424
In base 12, what is 165b - 1826?
-187
In base 15, what is b00cba0 - -5?
b00cba5
In base 11, what is 3 + 237593a?
2375942
In base 8, what is 1110315 - 6110?
1102205
In base 4, what is 322310 + -2322313?
-2000003
In base 12, what is 0 + 4152b02?
4152b02
In base 15, what is -17435a - -22b?
-17412e
In base 11, what is 0 + 28060649?
28060649
In base 16, what is 5 + 79be9b?
79bea0
In base 3, what is -102101 - -10100112122?
10100010021
In base 5, what is -1223001332 + -4?
-1223001341
In base 16, what is -468408 - 9?
-468411
In base 14, what is 495a41 + -7?
495a38
In base 11, what is 1289 + -12957?
-11679
In base 9, what is -1044 + -33202?
-34246
In base 13, what is -85b - 3057?
-38b5
In base 10, what is 39010 - 768?
38242
In base 6, what is 10012255 - 104?
10012151
In base 8, what is -15365452 + -20?
-15365472
In base 7, what is 3 - 2133205541?
-2133205535
In base 13, what is 25420 - 1cc?
25221
In base 3, what is -21 + -2122000022212?
-2122000100010
In base 13, what is 5c + -8a85?
-8a26
In base 9, what is 1463062642 - -5?
1463062647
In base 13, what is -8b862 - -27?
-8b838
In base 2, what is -110111100101101010 - -11010100?
-110111100010010110
In base 2, what is -11000010111100010110 + 1011?
-11000010111100001011
In base 16, what is -2067af7 + 4?
-2067af3
In base 10, what is 2 + -6523169?
-6523167
In base 15, what is -1db4 + -1587?
-344b
In base 3, what is -21012 + -100220120100?
-100220211112
In base 10, what is 44 + 2452399?
2452443
In base 4, what is -1003220 + -122001001?
-123010221
In base 6, what is -22030 - -524230?
502200
In base 7, what is 13024314 - 13?
13024301
In base 16, what is -8 - -3c8ad?
3c8a5
In base 13, what is 62babc + -5?
62bab7
In base 12, what is -b30673a - -7?
-b306733
In base 3, what is -2010020020112111 + -11?
-2010020020112122
In base 12, what is 168 - -89411?
89579
In base 9, what is -28554815 + 4?
-28554811
In base 10, what is -4 + -2654725?
-2654729
In base 8, what is -273354160 + -7?
-273354167
In base 2, what is 10111110011100 + -1011010?
10111101000010
In base 3, what is 120020 + -1222100201002?
-1222100010212
In base 15, what is 9 + 931b12?
931b1b
In base 13, what is 139c02 - 395?
13983a
In base 8, what is 1720 - 644425?
-642505
In base 11, what is -5a44121 + 12?
-5a4410a
In base 10, what is 4709 + -1134?
3575
In base 6, what is -140520 + 4313?
-132203
In base 15, what is -20198 - 25d?
-20406
In base 11, what is -4808 + -a577?
-14284
In base 16, what is 835 + -3bdc?
-33a7
In base 2, what is -100 - -100011100001010101010000100?
100011100001010101010000000
In base 4, what is -103000 + 30100332?
23331332
In base 5, what is 1323204420 + 0?
1323204420
In base 15, what is 5721 - 0?
5721
In base 16, what is 8494ae + -4?
8494aa
In base 5, what is 13131 - -44343244?
44411430
In base 12, what is -9 - -5766806?
57667b9
In base 6, what is 12241001 - 1125?
12235432
In base 4, what is 3310023 - -12111320?
22022003
In base 16, what is -4cc06 - 46?
-4cc4c
In base 15, what is -229940 - 7a?
-2299ba
In base 5, what is 31304 - 1333121?
-1301312
In base 3, what is 11 + -1200021111011?
-1200021111000
In base 14, what is -15665bb5 - 2?
-15665bb7
In base 10, what is -619335 + -265?
-619600
In base 3, what is -202222220202 - -120000?
-202222100202
In base 4, what is -12220101120332 + -11?
-12220101121003
In base 7, what is 40513 - 35250?
2233
In base 11, what is -2269360 + 0?
-2269360
In base 8, what is 4 - 144320762?
-144320756
In base 11, what is 1 + -731177?
-731176
In base 14, what is 2b1 + -2d93b?
-2d66a
In base 15, what is a + -ae519c?
-ae5192
In base 16, what is -dabd2 - -19?
-dabb9
In base 16, what is 5 + 1a5370?
1a5375
In base 12, what is 7292a - 120?
7280a
In base 6, what is 22 + -331255?
-331233
In base 6, what is -11102501240 - -2?
-11102501234
In base 12, what is -19 + 857a15?
8579b8
In base 14, what is -5 - -38283b6?
38283b1
In base 8, what is -3214244 + 44?
-3214200
In base 14, what is 48a50d + 2?
48a511
In base 4, what is -330011321 + 3?
-330011312
In base 3, what is -220001202110221 + 0?
-220001202110221
In base 11, what is -18 + -23191?
-231a9
In base 13, what is 0 + -804731?
-804731
In base 4, what is -30111213300300 - 3?
-30111213300303
In base 12, what is 59798 - -4b61?
62739
In base 5, what is -121121110 - -3330?
-121112230
In base 15, what is -82c508 - 3?
-82c50b
In base 3, what is -1110120 - -1012000111?
1010112221
In base 13, what is 28 + 30755?
30780
In base 4, what is -31 + 230030122203?
230030122112
In base 10, what is 62969706 - -4?
62969710
In base 15, what is -6ccb3 + 76?
-6cc3c
In base 5, what is 10 - -1401201442?
1401202002
In base 13, what is 160c83a - -7?
160c844
In base 16, what is 4db - -37880?
37d5b
In base 13, what is -5b02 - -4a97?
-1038
In base 3, what is 10112 + -12021120201?
-12021110012
In base 7, what is 20065006 - -33?
20065042
In base 15, what is 238eb48d + 2?
238eb490
In base 13, what is 4a5c5 - 6c6?
49bcc
In base 16, what is -8 + 70cde9?
70cde1
In base 6, what is -13 - -140330125?
140330112
In base 15, what is 11632005 - 3?
11632002
In base 11, what is 74a143 - -3?
74a146
In base 10, what is 8130549 + -22?
8130527
In base 15, what is -b8 - 789d?
-7966
In base 11, what is -36416447 + 0?
-36416447
In base 10, what is 7925 - -2160?
10085
In base 4, what is 303030 + 2010311?
2320001
In base 7, what is -33 + 331212?
331146
In base 6, what is -1 + -24443304450?
-24443304451
In base 3, what is 220122 + -200221222?
-200001100
In base 16, what is -3 - -93f44?
93f41
In base 2, what is 100 - 100011101101011010111100000?
-100011101101011010111011100
In base 11, what is -52a439 - 1a?
-52a458
In base 11, what is 57aa2 + -151?
57951
In base 15, what is 22 + d244a?
d246c
In base 2, what is -1010110001 + 10110101101100101?
10110100010110100
In base 9, what is 16166853 - -21?
16166874
In base 9, what is -6 - -17538718?
17538712
In base 11, what is 8688969 + 0?
8688969
In base 8, what is -10647 + -115?
-10764
In base 11, what is -88792 - -33?
-8875a
In base 10, what is 1579 + -133141?
-131562
In base 5, what is -11 + 102312443232?
102312443221
In base 7, what is -11 - 516463015?
-516463026
In base 3, what is 1 + -202200122210111220?
-202200122210111212
In base 16, what is f8e18 - 1?
f8e17
In base 8, what is 257 + 1047747?
1050226
In base 3, what is 112100202 + -20102?
112010100
In base 5, what is 1033201100 + -232?
1033200313
In base 8, what is 70 - 740122?
-740032
In base 6, what is -1502231 - 455?
-1503130
In base 8, what is -52065 + 37602?
-12263
In base 12, what is 7b4 - 1a1680?
-1a0a88
In base 8, what is 44542134 + 143?
44542277
In base 2, what is -1111 - 10000100010001101?
-10000100010011100
In base 7, what is 110 + 32305?
32415
In base 13, what is 316a0bb - 2?
316a0b9
In base 9, what is 5 - -831725184?
831725200
In base 10, what is 28 - -16896965?
16896993
In base 16, what is c8652 + -d?
c8645
In base 3, what is 120 + -1221221010100202?
-1221221010100012
In base 7, what is -2232461 + -3114?
-2235605
In base 14, what is -1 + 1692113?
1692112
In base 8, what is 46021111 - 2?
46021107
In base 12, what is 5 - 7a0741?
-7a0738
In base 8, what is -745 + -1017471?
-1020436
In base 13, what is -33b3 - 8603?
-b9b6
In base 4, what is 332023 - 2230123?
-1232100
In base 5, what is 30004332341 - -4?
30004332400
In base 12, what is -2 - -73567695?
73567693
In base 8, what is -53360 + 12551?
-40607
In base 3, what is 1 + -1100121121122?
-1100121121121
In base 15, what is 61288 + -15?
61273
In base 4, what is -31 + -3000300130?
-3000300221
In base 12, what is 0 + -b17a191?
-b17a191
In base 9, what is -406043124 + 4?
-406043120
In base 7, what is -15611 + -426420?
-445331
In base 13, what is -2 - -c8013?
c8011
In base 5, what is -13001 - 210421?
-223422
In base 14, what is 2b + 3a879?
3a8a6
In base 14, what is b 